at is the units digit of ((t/1)/(-3) - -7) + 45?
8
Suppose -3*c = -0*k + 3*k - 6741, -4509 = -2*c + k. What is the units digit of c?
2
Let k = -403 - -815. Suppose 0 = -4*u - y + k, -25 = u - 3*y - 128. What is the hundreds digit of u?
1
Let n = 10 - 8. Suppose 30 + 16 = n*v. What is the tens digit of v?
2
Let p be (-34)/4 + 9/(-18). Suppose 2*z - 36 = 3*y, -4*y = 3*z - 36 - 1. Let b = p + z. What is the units digit of b?
6
Let c(t) = 11*t**3 - 2*t**2 - t + 3. Let r be c(-2). What is the hundreds digit of (r/3)/(4/(-24))?
1
Let i = 1599 - 1005. What is the hundreds digit of i?
5
What is the hundreds digit of (-18941)/(-39) - (-8)/6?
4
Suppose 0 = 2*n + n - 252. Suppose 12*l - n = 10*l. What is the tens digit of l?
4
Let t be (-37310)/(-63) + (2/(-9))/1. Suppose 67*c + t = 71*c. What is the hundreds digit of c?
1
Let i(l) = 3*l**2 - 15*l + 21. What is the hundreds digit of i(10)?
1
Let w = 45 + -21. Suppose o - 5*c = 19, 3*o = 2*c + 20 + w. Suppose o = 3*r - r. What is the units digit of r?
7
Let o be 1/(1*4/8). Suppose 12 = -o*b - 8. What is the units digit of (-2)/b + (-343)/(-35)?
0
Let w(h) = -1. Let u(i) = 2*i + 12. Let j(z) = -u(z) - w(z). Let l be j(-16). Let q = l - 7. What is the units digit of q?
4
Suppose -6*g = -4*h - 2*g, -2 = 3*h - 2*g. What is the hundreds digit of (-12)/30 - (h + 2676/(-15))?
1
What is the units digit of ((-1520)/6)/((-12)/36)?
0
Let i = -1794 - -2955. What is the hundreds digit of i?
1
Let s(c) = 2*c**2 + 1. Let f be s(-2). Suppose -11*a + f*a = -8. What is the units digit of a?
4
Let r = -83 + 345. What is the hundreds digit of r?
2
Let h = 2219 + -646. What is the tens digit of h?
7
Let a(o) = o**3 - o**2 - 1. Let c(w) = -22*w**3 + w**2 + 3. Let p(d) = -3*a(d) - c(d). What is the tens digit of p(1)?
2
Suppose -2*o = -o + 3. Let s = o + -2. What is the units digit of s/(5/2) - -8?
6
Let m = 1084 - -3708. What is the units digit of m?
2
Let i(l) = 11*l + 9. Suppose 19 = y - 5*u + 4, 4*u + 18 = 2*y. What is the units digit of i(y)?
4
Suppose -2*y + 2*b + b = -453, 1080 = 5*y + 3*b. Suppose 0*c = -3*c + y. What is the tens digit of c?
7
What is the units digit of (-16)/(-28) + 16/(-28) - -457?
7
Let x = 1096 + -340. What is the tens digit of x?
5
Suppose -5*j = 4*w + 332 + 102, 0 = -4*j + 3*w - 341. Let u = j - -148. What is the units digit of u?
2
Let u(r) = r**2 - r - 2. Let a be u(2). Suppose a = 3*i - 30 - 156. What is the units digit of i?
2
Suppose -348*f = -330*f - 81162. What is the thousands digit of f?
4
Let h(l) = l**2 - 7*l + 5. Let b be h(8). Let n = 8 - b. What is the tens digit of (-6)/n*200/15?
1
What is the units digit of 3082/6 + (-11)/3 + 3?
3
Suppose 4*t = 2*b - 348, -3*b + 10*t = 15*t - 544. What is the tens digit of b?
7
Let v be 23/5 - (0 + 2/(-5)). Suppose 2*l - 23 = -v*n + 88, l + 2*n = 57. What is the units digit of l?
3
Let s(u) = -u**2 + 8*u + 33. Let x be s(11). What is the tens digit of x + (-4 - -1 - (-133 - -7))?
2
Let c(k) = -287*k + 58. What is the units digit of c(-8)?
4
Let x be -6*2/(-18)*-921 - 0. Let n = -369 - x. What is the hundreds digit of n?
2
Suppose -2*a = 3*z - 62, 4*a - 102 = 2*z + 3*z. What is the hundreds digit of (-6 - 1)*(1 - a)?
1
Let g = -38 + 99. Let r = -40 + g. Suppose -j = 3*a - 5, -3*a + 0*a = 3*j - r. What is the units digit of j?
8
Let x(y) = 9*y**2 - 2*y. Let m be x(-1). Let n = m - 6. Suppose n*d - 31 = -3*f + 172, -f + 2*d + 64 = 0. What is the tens digit of f?
6
Suppose 5*a = -5*x + 13395, -a - 5*x + 1173 + 1526 = 0. What is the hundreds digit of a?
6
What is the hundreds digit of (0 - (-100)/15)*(-996)/(-5)?
3
What is the hundreds digit of 2 - 3 - (18/6 + -4495)?
4
What is the tens digit of (-20)/5 + 1 + (-5984)/(-2)?
8
What is the tens digit of (-8)/(-8) + 514 + 3?
1
Suppose 2*n - 33 - 9 = 0. Suppose i = -n + 101. Suppose 0*c - i = -2*c. What is the tens digit of c?
4
Suppose 136 = 2*a + 4*b, -3*b = -2*b - 4. Suppose -2*n + 52 = -a. What is the units digit of n?
6
Let f(h) = -4*h + 11. Let c = -19 + 24. Suppose c = -3*i - 13. What is the units digit of f(i)?
5
Suppose 2*a = 4 + 8. Let c(r) = -9*r + 7. Let m(y) = -19*y + 15. Let k(q) = -13*c(q) + 6*m(q). What is the tens digit of k(a)?
1
Suppose -7*r + 903 = -0*r. What is the tens digit of r?
2
Suppose -4*b + 194 = -2*m, 3*b - 6*b - 4*m + 162 = 0. What is the units digit of b?
0
Let u = 287 - 303. Let w(c) = c + 9. Let s be w(0). Let z = s - u. What is the tens digit of z?
2
Suppose -26 - 127 = -3*y. Let f = y + -10. Suppose -f = -2*o + 41. What is the tens digit of o?
4
Let n(z) = -z**2 - 2. Let b be n(0). What is the tens digit of (-14 - 4)*5/b?
4
Let s(q) = -q**3 + 7*q**2 + 4*q - 4. Let w be ((-6)/(-12))/((-2)/(-28)). Let z be s(w). What is the tens digit of z + (3 - (-3 - -9))?
2
Let r(z) = 12 - 2*z - 1 - 10*z**2 - z**3 - 1. What is the tens digit of r(-11)?
5
Let f = -259 + 610. What is the hundreds digit of f?
3
Let k be 928/(-48)*(-1 - 8). Let p be -1 - -1 - -1*2. What is the units digit of (p/6)/(2/k)?
9
Suppose 11*v - 2094 + 147 = 0. What is the hundreds digit of v?
1
Let g be (-150)/(-39) - 10/(-65). Let o be (-12)/(-3) - g/2. Suppose -5*y = -2*r + 74, -o*y - y = 0. What is the units digit of r?
7
What is the tens digit of 1 + -13 + (9 - -2045)?
4
Let q be ((-13)/39)/((-2)/72). What is the units digit of (-81*3)/(q/(-8)*1)?
2
Let i(g) be the third derivative of 37*g**5/30 - g**4/24 + g**3/3 + 28*g**2. What is the tens digit of i(1)?
7
Let k be (25/10 - 2)*6. Suppose -140 = -5*v - 2*o, 0 = -k*v + 4*o + 25 + 85. What is the units digit of v?
0
Let z = -5 + 5. Suppose z = 3*g - 12, 2 = -4*k + 5*g + 6. What is the units digit of (116/k)/(4/6)?
9
Suppose -2*a + 0*i = 2*i + 18, -2*a - 4*i = 8. Let y(j) = j**3 - 4*j**2 + 3*j - 2. Let z be y(3). What is the tens digit of 259/a*(z + 0)?
3
Suppose 567 = 7*v - 1974. What is the tens digit of v?
6
Let h(f) = -1021*f + 275. What is the units digit of h(-3)?
8
Suppose 0 = 2*c + 2*y - 106, 3*y = -c - 0*c + 51. What is the units digit of 4 + (c - (-3)/3)?
9
Let x = -18 - -27. Suppose -6 = -11*u + x*u. Suppose -u*z = -2*m + 15, -5*m + 6 + 25 = -z. What is the units digit of m?
6
Let f(p) = -p + 12. Let t(r) = -r**2 - 2*r. Let c be t(0). Let l be f(c). Let o = 11 + l. What is the tens digit of o?
2
Let u = -10 - -11. Let m be 1*3 + 6/u. What is the units digit of 102/4 + m/(-6)?
4
Suppose -2*q = -10*q + 1760. Let o = -145 + q. What is the tens digit of o?
7
Let i = 345 + 39. Let x = i + -212. What is the hundreds digit of x?
1
Let a(i) = 2*i**2 - 2*i - 3. Suppose 0 = 5*j - 0*j + 10. What is the units digit of a(j)?
9
Let x(z) = -9*z + 4. Let k be x(1). What is the tens digit of ((-30)/12)/k*(241 - -1)?
2
Suppose -w + b + 4 = 0, 5*w - 4 - 16 = -2*b. Suppose w*i = -3*v + 259, i - 5*i + 5*v + 283 = 0. What is the units digit of i?
7
Let r = -171 - -577. What is the units digit of r?
6
Let r = -18 + 13. Let m(p) = 6*p**2 + 41*p - 8. Let a(c) = 2*c**2 + 14*c - 3. Let h(z) = -17*a(z) + 6*m(z). What is the units digit of h(r)?
3
Let d(r) = 142*r**3 - r. Let z be d(-1). Let a be (-4)/14 + z/21. What is the units digit of (-1 + 0)/(a/63)?
9
Let i(v) = 64*v - 124. What is the units digit of i(7)?
4
Let q be 0 - (4/(-26) - 33/39). Let s = 32 - q. What is the tens digit of s?
3
What is the hundreds digit of 5043/5 + (-242)/(-55) + -4?
0
Let l(g) = -g**3 - 4*g**2 + 1. Suppose 0 = -6*n - 18 - 6. Let u be l(n). Let a(y) = 40*y**2 + y - 2. What is the tens digit of a(u)?
3
Let h be (7 + -6)*(-2 - -2). What is the tens digit of (((-1376)/2)/(-2))/(h + 2)?
7
Suppose 6*b - 6 = -0*b. What is the tens digit of b/5 + 119/5?
2
Let t(h) = 2*h - 1. Let w be t(2). Suppose -15 = w*r - 0. What is the tens digit of (-2)/r - (-186)/10?
1
Let w = 20 + -14. Suppose 12*f = 14*f - w. Suppose 3*b = f*r + 39, -3*b = -2*b + 5*r - 25. What is the units digit of b?
5
Suppose -5*j = -12*j + 224. Suppose 39*t - j*t - 812 = 0. What is the units digit of t?
6
Let c(r) = 132*r + 5. Let t be c(1). Let p = -40 + t. What is the tens digit of p?
9
What is the hundreds digit of 502 - -8*(-5)/(-10)?
5
Let t(q) = q + 1. Let s be t(-9). Let b = s + 10. Suppose -2*k + 79 = 3*g, 0*g = -5*g + b*k + 121. What is the units digit of g?
5
What is the hundreds digit of ((-628)/(-20))/((-1)/(-10))?
3
Let l = 34